0442 (base 5) to base 16
14c84d
What is 24071163 (base 8) in base 13?
1127943
What is 218c3 (base 16) in base 11?
9426a
What is -3114134014 (base 5) in base 16?
-6198e6
What is 352a22 (base 13) in base 16?
1344cc
Convert -3759372 (base 12) to base 15.
-e3abbb
What is -3946995 (base 10) in base 8?
-17034763
-145c0 (base 16) to base 15
-19a97
3087d (base 16) to base 15
3dd71
Convert -425673 (base 8) to base 11.
-97984
1636404 (base 9) to base 11
571872
Convert -176e4 (base 15) to base 9.
-124887
Convert -1286df2 (base 16) to base 10.
-19426802
Convert -443214 (base 6) to base 3.
-1212210001
Convert 17678b (base 14) to base 15.
11454a
-113101212 (base 4) to base 15
-1d3a9
Convert 3312274 (base 8) to base 11.
558781
What is 3201324330 (base 5) in base 7?
110446450
Convert a4842b (base 16) to base 14.
16092c3
What is -7999 (base 11) in base 16?
-2912
What is 110000110100011110001 (base 2) in base 5?
402142404
What is 30466145 (base 7) in base 5?
1123220103
27963 (base 12) to base 5
3224224
What is 1762576 (base 8) in base 13?
15171b
17ba1 (base 14) to base 5
3404141
Convert 1ddaa5 (base 14) to base 4.
10012131001
Convert -1074505 (base 10) to base 9.
-2016844
Convert -22122102201 (base 3) to base 6.
-3351501
What is 42330330 (base 5) in base 10?
355090
What is 2854444 (base 9) in base 12?
639427
-11100101222002 (base 3) to base 16
-2342f9
4dd8a4 (base 15) to base 11
2126012
What is 537731 (base 9) in base 12?
13566a
Convert 362969 (base 10) to base 3.
200102220022
-32d7d (base 15) to base 9
-265681
Convert 10337321 (base 8) to base 4.
20123323101
What is -731149 (base 10) in base 13?
-1c7a43
3a517a (base 15) to base 12
b3135a
924216 (base 12) to base 13
621669
10101021 (base 5) to base 9
133568
1063032 (base 7) to base 3
20202120220
What is -15550455 (base 7) in base 13?
-40a55c
Convert -22055525 (base 9) to base 8.
-50537342
Convert 1535963 (base 10) to base 7.
16025012
Convert 866525 (base 12) to base 4.
20013011231
Convert 10001100011000001100 (base 2) to base 13.
17193b
-44155354 (base 6) to base 2
-101000010101101110110
What is 18677237 (base 9) in base 11?
5368474
What is -140555323 (base 6) in base 4?
-22312303203
What is -520143 (base 6) in base 2?
-1010001000111111
Convert -11222202103 (base 4) to base 11.
-924732
2ddb (base 15) to base 7
40544
Convert -54011452 (base 6) to base 13.
-437a53
220375 (base 11) to base 2
1010101111001010101
Convert 153503151 (base 6) to base 12.
1111ab7
What is -34a337 (base 11) in base 2?
-10000111100110100110
What is -3c4d66 (base 15) in base 4?
-23010202002
What is -6450756 (base 10) in base 14?
-bdcc04
Convert 11366013 (base 7) to base 13.
293b02
What is 2ac771 (base 16) in base 5?
1204203234
-2bb565 (base 15) to base 2
-1000000100000110110010
15265320 (base 7) to base 10
1461684
What is 12828037 (base 9) in base 6?
343455011
Convert 1011001111100001100 (base 2) to base 8.
1317414
What is 706a6 (base 12) in base 6?
3044330
What is -21202001022012 (base 3) in base 4?
-33230210021
-24637a8 (base 13) to base 11
-6430483
200222121222200 (base 3) to base 9
20877880
Convert -1001001101010110001101 (base 2) to base 15.
-32a3b0
Convert -16114 (base 10) to base 7.
-64660
Convert 31301021 (base 4) to base 16.
dc49
What is -11334144 (base 5) in base 10?
-105549
Convert 111100010100000100 (base 2) to base 15.
4d2e9
Convert -140534504 (base 6) to base 8.
-12661050
Convert -1213302241 (base 5) to base 9.
-5352556
What is 43555052 (base 6) in base 3?
2110100202012
Convert -956916 (base 10) to base 6.
-32302100
Convert 20012110122 (base 4) to base 16.
20651a
Convert -155774 (base 11) to base 6.
-5103343
What is -b54350 (base 12) in base 13?
-789561
11b6b (base 16) to base 13
27042
Convert 96aa5 (base 11) to base 4.
202130120
3067085 (base 9) to base 3
10002021002212
-73c926 (base 14) to base 8
-16735766
What is -14301200 (base 5) in base 15?
-2e76a
Convert -32fc4e (base 16) to base 6.
-155341222
-1234123343 (base 5) to base 14
-590642
Convert -101313302203 (base 4) to base 13.
-c8058a
-57189 (base 12) to base 7
-662160
-1111010111010111000110 (base 2) to base 6
-222155234
What is 142114313 (base 6) in base 3?
12110110210100
What is 1013530 (base 10) in base 7?
11420620
What is -21355532 (base 6) in base 12?
-268ba8
Convert 1073a0 (base 11) to base 5.
20431331
12230311 (base 4) to base 15
81ea
554f38 (base 16) to base 7
65343553
-1210520 (base 11) to base 4
-20002320003
What is 1002032222 (base 4) in base 7?
2206613
Convert 17c49 (base 13) to base 11.
31645
Convert -11120443 (base 5) to base 6.
-2034504
Convert 6436520 (base 7) to base 6.
24435202
What is -2021210121222 (base 3) in base 11?
-760a16
Convert 33221000331 (base 4) to base 14.
78a325
-10012022123 (base 4) to base 15
-16327e
-2001244221 (base 5) to base 7
-45262120
What is 222165 (base 7) in base 13?
14ac3
What is 1289196 (base 10) in base 5?
312223241
131602635 (base 7) to base 3
120220112222110
What is 12b1c (base 14) in base 4?
23100012
-111011110101011101100 (base 2) to base 16
-1deaec
Convert -12101100 (base 4) to base 13.
-b8c5
What is -21111022000020 (base 3) in base 12?
-1400350
What is 403660 (base 7) in base 4?
100233301
Convert -3f01 (base 16) to base 7.
-65011
Convert -110000000010011001000 (base 2) to base 9.
-2858216
Convert 1000011011000100010110 (base 2) to base 4.
20123010112
-184080 (base 11) to base 4
-1011033013
222013232 (base 4) to base 7
1315664
What is 1980420 (base 11) in base 5?
1323314104
Convert -4011114 (base 6) to base 16.
-2df16
aab93a (base 12) to base 2
1010010111000101111110
What is 7653650 (base 9) in base 4?
33223121100
What is -1343520 (base 7) in base 14?
-49310
-1442002 (base 5) to base 11
-21220
Convert 110a596 (base 11) to base 3.
10122220021111
What is 171559 (base 10) in base 15?
35c74
Convert 1819034 (base 11) to base 7.
35143624
What is 7bd97d (base 16) in base 14?
1113d37
-30234210 (base 5) to base 9
-410361
-223436 (base 8) to base 4
-102130132
-ac220 (base 16) to base 5
-140030211
What is 285a2 (base 13) in base 6?
1342203
Convert 1100111111011111101 (base 2) to base 15.
8621a
13842 (base 14) to base 6
1011254
Convert -171795 (base 11) to base 5.
-32001240
-19a961 (base 16) to base 6
-100013533
-7867088 (base 9) to base 10
-4237028
Convert -156534 (base 15) to base 12.
-41a404
Convert 24a003 (base 15) to base 9.
3264363
Convert 1028db (base 14) to base 12.
223529
What is 1100000101010110 (base 2) in base 16?
c156
What is -4d80dd (base 16) in base 8?
-23300335
What is 102010221020120 (base 3) in base 9?
12127216
What is -22363 (base 7) in base 14?
-20da
Convert -35292 (base 10) to base 6.
-431220
-526444 (base 7) to base 8
-261763
4f9670 (base 16) to base 5
2313401411
Convert 10110110101100110 (base 2) to base 15.
1cab2
What is -12100112103 (base 4) in base 10?
-1639827
Convert 391931 (base 11) to base 10.
617376
Convert -110100002122000 (base 3) to base 8.
-31005304
What is -15405033 (base 6) in base 8?
-2051215
What is 5656341 (base 8) in base 13?
417ba4
Convert 698186 (base 10) to base 2.
10101010011101001010
-127755 (base 9) to base 11
-53580
Convert 6860b5 (base 12) to base 9.
3123862
-2605562 (base 8) to base 5
-141130301
What is 1400112 (base 6) in base 13?
2954c
11324231 (base 7) to base 5
223413112
Convert -42d7da (base 14) to base 2.
-1000101001000100010100
What is -334b9 (base 16) in base 7?
-1533360
Convert -462627 (base 10) to base 14.
-c084b
What is -3301130033 (base 4) in base 2?
-11110001011100001111
-470ab (base 14) to base 4
-222033133
Convert -9956b (base 12) to base 10.
-202979
What is 4235530 (base 7) in base 4?
1331111302
Convert 100001010000011 (base 2) to base 13.
799a
What is 12023021003 (base 4) in base 6?
54405015
What is 50609e (base 15) in base 12?
13410a2
Convert -3000043404 (base 5) to base 8.
-26271722
What is 883441 (base 11) in base 16?
15840a
-1120202022 (base 3) to base 5
-1444131
-111388 (base 9) to base 7
-365231
1101101001111011011 (base 2) to base 3
211201210021
What is -111101000010010001 (base 2) in base 3?
-110200221022
-391b4b (base 13) to base 16
-14fb47
What is 40f5f4 (base 16) in base 6?
231125324
40c7c (base 13) to base 16
1c697
-1096164 (base 11) to base 8
-7225323
What is 122203031002 (base 4) in base 11?
3a24117
What is -24a24 (base 12) in base 16?
-c2bc
What i